-113 - (-4 + 13 + -1)
5
Calculate -9 - -19 - (12 - -5).
-7
What is -40 + 6 + -10 - -9?
-35
What is the value of -16 + -4 + 17 + -1?
-4
What is the value of 39 - (49 - (2 - -29))?
21
What is the value of -4 + (23 - 2) + -28?
-11
(32 - 43) + -6 - 12
-29
Evaluate 10 + -9 + -3 + (0 - (-5 + -1)).
4
What is -8 + 24 + (-2 - 10)?
4
What is 61 + -53 + (0 - 5) - 10?
-7
Evaluate (4 + -9 - (-1 - -1) - -20) + -4.
11
Calculate -12 - (5 + (5 - (6 + -7 - -8))).
-15
What is (13 - 34) + 4 + -3?
-20
Calculate 11 + -2 + (9 - 0 - (-44 + 51)).
11
What is 8 - (9 + -12 + 4)?
7
Evaluate 5 + (3 - 19 - -6) - (-5 + 13).
-13
(8 - 6) + -30 + 26 + (-4 - 1)
-7
94 + -50 + -40 - (2 - (9 + 0))
11
Evaluate -32 - ((26 - 51) + 7).
-14
Evaluate (9 - 0) + (24 - 35 - 0).
-2
-2 + (14 - 0 - 11) - 8
-7
Calculate -13 - -2 - (-2 + -32 + (21 - 15)).
17
0 + 7 + (-27 - -37 - 19)
-2
Evaluate 10 + -22 + -6 - (-14 - -7).
-11
What is the value of (-2 - (0 - 2)) + -25 + 24?
-1
Calculate -23 - (-2 - 20) - (-20 - (-1 - 2)).
16
6 - (8 - (18 + -18))
-2
Evaluate -18 - 9 - -8 - -11.
-8
Evaluate -7 + -5 - -2 - (9 - (0 + 5)).
-14
-1 + -3 - (98 + -117)
15
What is 8 - -1 - ((1 - (2 + -1)) + 7)?
2
What is (23 - 0) + 18 + -24?
17
-3 + (3 - 27) + -14 + -18 + 38
-21
14 + (-7 + 3 + 2 + 0 - -3)
15
Calculate 19 + -2 + (7 - (4 - -5 - -2)).
13
5 + 4 + (5 - 10) + -3
1
Evaluate 0 - 41 - -20 - -6.
-15
(6 - (12 + -35)) + -25
4
Calculate -7 - (38 + -11 - (4 - (2 + -5))).
-27
What is 1 - -3 - ((-13 - -11) + 2 + 1)?
3
Evaluate 9 + 15 + (19 - 26).
17
1 - -8 - (-80 + 86)
3
What is the value of -1 + 3 + 16 - (-1691 - -1694)?
15
Calculate (1 - 0) + -5 + -114 + 114.
-4
What is the value of -166 + 161 - (-12 + 1 + -1 + -2)?
9
-26 + (-26 - -20) - -24
-8
What is the value of 3 + (1 - -1) - (51 + -23 - 32)?
9
What is the value of 3 + 1 + -14 + (14 - (-5 - -17))?
-8
(-5 - -4 - -8) + -3 + -21 + 9
-8
(6 - 3 - -4) + (-15 - 3)
-11
(15 - (-6 - -6)) + -19
-4
What is the value of -3 - 2 - (-244 + 224)?
15
Evaluate (-3 - -3) + -6 + 12.
6
(-1 - (5 - -4) - 9) + (3 - 0)
-16
What is the value of (-4 - -5) + (-8 - -20 - 6) + -5?
2
15 + (-7 - 0) + (23 - -15 - 27)
19
5 - (-7 + (6 - (-1 + 2))) - 16
-9
-21 + -10 - (-5 + -1) - -6
-19
What is (-53 - -30) + (16 - 7 - 6)?
-20
What is the value of (5 - -4) + 4 - 3 - -7?
17
Evaluate (-13 - -1) + (26 - 27 - (2 - 4)).
-11
What is the value of 14 + 5 + -36 + 28?
11
Calculate (-4 - 9) + 8 + (7 - 2).
0
-1 + -16 - ((1 + 5 - -7) + -2)
-28
What is 25 + (14 - (44 + -21))?
16
What is the value of -10 + (-13 - (-10 + -1))?
-12
Calculate (-3 - 11) + (-83 - -104).
7
What is (-31 - (-4 - 4)) + 6 + 0?
-17
Calculate -3 + 11 + (11 - 4 - (-6 + 19)).
2
Evaluate 19 - ((1 - -47) + -89 + 98).
-38
Calculate (8 + 1 - (8 + -7)) + -10.
-2
What is the value of 3 - ((0 + 9 + -10 - 3) + -8)?
15
Evaluate (-3 - (5 + -16 + 13)) + (-20 - -3).
-22
Evaluate -1 + 3 - (7 + -7 - -2 - 7).
7
-4 - -11 - 11 - 1
-5
Calculate -14 + (-7 - -6) - (9 + (-5 - -5)).
-24
Evaluate (-13 - 3 - -1) + 4.
-11
-7 + -1 + -7 + 52 + -39 + 8
6
What is -11 - -11 - (-11 + 2 - -5)?
4
-32 - -41 - (3 - 2 - -4)
4
Calculate -11 + -7 + (-5 - -8).
-15
What is 30 + (13 - 8) + -7 + 0 + -3?
25
What is the value of 21 + -16 + (-11 - (0 + -2))?
-4
60 + -14 + -12 + (-5 - 3)
26
What is 4 - (4 + 1) - -11 - 8?
2
Evaluate (15 - (-7 - -9)) + -5.
8
What is -51 + 58 - (0 - (2 - 8))?
1
Calculate -6 - (-7 - (-5 + -7) - (-4 - -9)).
-6
Calculate -1 + 7 + -12 + 1 - -17 - 4.
8
Evaluate (-5 - 2) + 14 + -9 - 8.
-10
Evaluate (-6 - -15) + -4 - (9 + -1).
-3
What is -15 - (-28 + (2 - -20))?
-9
Evaluate (3 - (13 - (-3 + 8 - -3))) + 20.
18
0 + -33 - (-31 - (16 + -42))
-28
Evaluate (-1 - 4) + -1 - (-12 + (-2 - 2)).
10
What is -26 + 30 + (4 - (8 + -6 + -17))?
23
(2 - -2) + (34 - 34) + -7
-3
Evaluate 16 + -4 - (12 - (2 - -6)).
8
What is the value of -8 + 15 - (12 + -2 + -2) - -16?
15
Calculate 6 - (2 + -10 + 12 - -2).
0
-6 + (-25 - (-17 - 16))
2
What is the value of -6 - -9 - (1 + (-1 - 9))?
12
Calculate 11 + -2 - ((4 - 5) + 1 + 30).
-21
What is the value of -7 + (1 - -5 - (-12 + 11 - -10))?
-10
Evaluate -1 + -4 + -1 - (-7 - -2).
-1
Evaluate (-52 + 65 - (-6 + 3 - -6)) + -13.
-3
Evaluate -636 + 607 - (-18 - 1).
-10
Calculate -4 + -34 + 17 - (3 + -11).
-13
Evaluate -22 + (-139 + 155 - (18 + 1)).
-25
What is the value of (28 - -9 - 32) + 17?
22
What is -16 - (4 + -32 - -8)?
4
Evaluate (6 - (-2 - -8)) + -10 + 1.
-9
Calculate -1 - -1 - ((5 + -15 - -3) + 7).
0
What is -9 + 13 + 7 - (2 + -14)?
23
Calculate 7 + (28 - (-9 + 17)) - 5.
22
Evaluate (17 - 8) + -27 + 6 - (-2 + 20).
-30
(-81 - -72) + (-2 - (-1 - -2))
-12
What is the value of -15 - (-16 + -21 + 6)?
16
-4 + (-9 - (16 + -13)) + 17
1
What is the value of 54 + 18 + -27 + -27?
18
427 - 449 - (-39 - -2)
15
Evaluate 6 - 7 - (0 - -1).
-2
Calculate (4 - 3) + (2 - 3 - -7) + 3.
10
(-7 - (8 + -11 + 3)) + (4 - -12)
9
What is the value of (25 + -28 - (0 + 0)) + -4?
-7
Calculate 0 + -31 - (-536 - -513).
-8
What is the value of 90 + -104 + (6 - 1)?
-9
What is 77 + -63 + -10 - (0 + -1 + 2)?
3
Calculate -6 + 3 - (-6 + (-21 - -7)).
17
What is 17 + (-1 - (8 + 1)) + -12?
-5
What is the value of 1 + 7 + (-12 - (-50 - -25) - 10)?
11
What is the value of -21 + (0 - 3) + (12 - 11) + 10?
-13
What is 16 - 5 - (6 + 8)?
-3
Calculate 26 + 40 + -35 - 29.
2
What is the value of 105 + -93 + (-16 - 4)?
-8
Calculate -16 + (10 - (24 - 6) - 4).
-28
(0 + 1 - -3) + (-15 - (-3 - 22))
14
What is 30 - (28 + -56 + 32)?
26
Evaluate -3 - (1 + (-19 - -1) - (170 + -170)).
14
What is 27 + -18 - (-3 - -5 - -2)?
5
Calculate 39 - 31 - (-22 + 7).
23
What is 3 + -1 - (-11 - -27 - 6 - -24)?
-32
Evaluate (1 - 5) + 4 + (14 - 6).
8
(-180 - -179) + (2 - -12)
13
Calculate (-3 + 0 - (13 - 14)) + -11.
-13
Evaluate -19 + -8 - ((-15 - -14) + -13).
-13
What is the value of 16 - 27 - ((5 - 2) + -4 + -36)?
26
What is 12 + 4 + 3 + -13?
6
What is -5 + -28 - (-21 - -6)?
-18
What is the value of (-60 - -110 - 41) + -32 + 1?
-22
Evaluate 11 + -1 - (29 + -69 + 44).
6
What is 29 + -2 - (-8 + -1 + 8 - -11)?
17
Calculate -21 - -20 - (0 + -1) - (2 - 11).
9
Calculate -35 - (-27 + -2 + 1).
-7
What is 33 + -7 + (-12 - -3)?
17
What is 4 + -15 + (24 - (-11 - -9))?
15
Calculate 3 + -1 - (-3 + (14 - 12)).
3
What is the value of 31 - (27 + 2 + -10)?
12
-16 - (-18 + 5) - (8 + -1)
-10
Calculate 3 - (6 + (-20 - -7) + 8) - 14.
-12
What is the value of 30 + (-7 - 16) - (-7 - 1)?
15
Calculate (1 - 24) + -28 + 39.
-12
-16 + 12 + -7 + 23
12
Calculate 6 + (26 - (31 + -13)).
14
Calculate (3 - -3) + 83 + -100.
-11
What is 11 - -1 - (-407 + 413)?
6
What is the value of 7 - (2 + -8 + 1 + 0 + -3)?
15
Calculate 4 - (6 - (-8 + 8) - 9).
7
0 + -14 - (-8 + -42 + 52)
-16
What is the value of -21 - 4 - (-62 + 40)?
-3
What is the value of (39 - 13) + -21 + -3?
2
Calculate 8 + 2 + -6 + -8.
-4
-9 - (7 + -9 + 0 - 10)
3
What is 9 + (-1 - 34) + (-27 + 16 - -5)?
-32
-3 - (-9 + 15 + 7)
-16
15 + -4 + -3 - (4 - (3 + 1))
8
-2 + (6 - 2) + (3 + -6 - -9)
8
What is the value of -22 - (-11 + (-6 - -3) + (2 - -4))?
-14
2 - (-29 + 29 + -2 + -3 + 3)
4
Evaluate (-1 - 10) + (-41 - -66 - 9).
5
What is 15 + (-6 - 2) + -2 - -5?
10
Evaluate -12 - (20 - 3 - 25).
-4
What is the value of 17 + -10 + (2 + -1 - 16)?
-8
What is 1 + 2 - (9 + -14 + 3)?
5
Evaluate 0 - ((-23 - 22) + 39 + 1 + -2).
7
What is the value of -26 + 21 + (23 - 2)?
16
What is the value of -26 + 10 + (8 + 3 - (8 + -2))?
-11
What is the value of 31 + -19 + -1 + -25?
-14
What is 27 - 17 - -8 - 29?
-11
-2 + -3 - -5 - (-31 + 19 + 15)
-3
What is the value of (-2 - 0) + (-13 - -27) + 0?
12
What is 8 - 1 - (-7 - (-2 + -2))?
10
What is the value of -5 + (1 + -4 - -13) + -19?
-14
Calculate 11 - ((21 - -14) + 0 + -2 - 11).
-11
What is the value of (-5 - (7 + -8 + -7) - -7) + -3?
7
Calculate -15 + -5 + 26 + -11.
-5
What is -2 + (3 - (39 + -19))?
-19
What is the value of 3 + -1 + -4 + 122 + -117?
3
Calculate (3 - ((-3 - -3) + -3)) + (-108 - -121).
19
Calculate 3 + -5 + -22 - -12.
-12
Calculate -1 + -11 - -1 - -8.
-3
Evaluate (-429 - -421) + 1 + (-2 + 3 - -35).
29
Evaluate -4 + (6 - 6) + -26.
-30
6 + -12 + -1 - 2
-9
7 - (8 + (3 - 6) + 9)
-7
Evaluate (1 - 0) + -18 - (-366 + 355).
-6
(2 - -1 - (-152 + 156)) + 0 + -1
-2
Evaluate (-4 - (3 + (-1 + -6 - -1))) + -12.
-13
Evaluate (22 - 0) + -131 + 112.
3
Calculate -706 - -682 - (-2